on factor of s and 195.
195
Suppose -6029 - 58 + 31452 = 15*p. Calculate the greatest common divisor of p and 801.
89
Let v be 16 - (2*-18)/(-6). Suppose -v*b - 821 = -14*b + 3*s, -5*b + 5*s = -1020. Calculate the highest common factor of b and 66.
11
Let k = -130 + 166. Suppose 3*d - 5*d = 0. Suppose d = 3*y + y - 16. Calculate the greatest common factor of k and y.
4
Suppose 5*j = -5*t - 30, 3*j = -t + 2*t - 6. Let h = 20 - t. What is the highest common factor of 1 and h?
1
Suppose -499 = -6*r - 67. Let h be (-1)/(-6) - (-4740)/r. Calculate the greatest common divisor of h and 99.
33
Suppose -390*s + 2090829 = -37765 - 2172716. Calculate the greatest common divisor of 82 and s.
41
Let g = -2708 + 2788. Calculate the greatest common factor of g and 500.
20
Let i = -61 + 74. Suppose 4*j - 2*l = 46, 0 = -11*j + 9*j + 3*l + i. Calculate the greatest common factor of 8 and j.
2
Let h be -24 - 4128/(-168) - 3282/(-14). What is the highest common divisor of 94 and h?
47
Suppose 6 = 5*p - 3*p - 2*x, 4*x = -3*p - 5. Let d be p/((-4)/12) - -39. Suppose -543 = -2*z - 435. Calculate the highest common factor of z and d.
18
Suppose 3*r + 5*d - 836 = 0, -6*r + 5*d + 827 = -785. What is the highest common factor of r and 204?
68
Suppose 0 = 3*u + u - 120. Let j be 8840/56 - (-1095)/511. Calculate the highest common factor of u and j.
10
Let k(c) = c**3 + 5*c**2 + c + 15. Let h be k(-4). Suppose -17*f = -h*f + 450. What is the greatest common divisor of f and 405?
45
Let l(u) = 99*u**2 - 2*u + 1. Let i be l(1). Let m be (-124 - -130)*7/(-3) + 56. What is the greatest common factor of m and i?
14
Let j = 27 + 204. Suppose -v + 4 - 3 = -4*a, -4*a - 22 = -2*v. What is the greatest common divisor of j and v?
21
Let u be ((-12)/(-8))/(2*3/12). Suppose -5*i + u*z + 93 = 0, 52 = 8*i - 5*i + 2*z. What is the greatest common divisor of i and 72?
18
Let d be -30*1*(-11 - -10) + -9. What is the greatest common divisor of 112 and d?
7
Let m(r) be the first derivative of 2*r**3 + 59*r**2/2 + 21*r - 233. Let v be m(-15). Calculate the highest common divisor of v and 6.
6
Let g(v) = -v**3 + 2*v - 2. Let k be g(4). Suppose -29*x = -0*x + 1247. Let f = x - k. Calculate the highest common factor of 60 and f.
15
Let p(i) = -i**3 + 4*i**2 + 18*i + 31. Let j be p(5). Calculate the highest common factor of 1632 and j.
96
Let y = -10 - -20. Let h(g) = 3*g - 25 + 5*g**2 + 79 - 25 - 23. Let q be h(-2). What is the greatest common factor of y and q?
10
Let y(d) be the third derivative of -37*d**4/24 - 11*d**3/3 + d**2 + 7*d. Let q be y(-6). What is the greatest common divisor of 60 and q?
20
Let q(x) = -x**3 + x**2 - 3*x + 10. Let p be q(0). Let g be (-1)/1 - (-12 + p). Let i be (13/2)/(3/2 - g). What is the greatest common divisor of i and 13?
13
Let s = 2082 + -2021. Calculate the highest common factor of 1159 and s.
61
Let g be -23*117/1794 + 321494/4 + -2. What is the highest common divisor of 171 and g?
171
Let x(z) = z**3 - 15*z**2 - 17*z - 12. Let j be x(16). Let h be 490/j*8/(-10) + 4. What is the highest common divisor of h and 117?
9
Suppose -28*s + 4137 = -21*s. Suppose -450 = 588*f - s*f. Calculate the greatest common divisor of f and 75.
75
Suppose 3*g - 232 = -4*z, 3*z + 0*g = -g + 169. Let m = 56 - z. Let l be (-10)/(-35) + 183/21. What is the greatest common divisor of m and l?
1
Let p = -5495 + 5524. Calculate the highest common factor of 2929 and p.
29
Suppose -2809*p = -2813*p + 168. Let r be 12/96 - 1149/(-24). What is the greatest common divisor of r and p?
6
Let s(k) = -861*k**3 - 6*k**2 - 37*k - 142. Let b be s(-3). Calculate the greatest common divisor of 37 and b.
37
Let h = 17497 + -17359. Calculate the highest common factor of h and 16077.
69
Let c(r) = -12*r**2 - 76*r + 76. Let z be c(-7). Calculate the greatest common factor of 250 and z.
10
Let q be (45/75)/(9/90). What is the highest common divisor of 30 and q?
6
Suppose 33*m = 18*m - 30. Let c be (-6 - -14) + (m - -105). Calculate the greatest common divisor of 37 and c.
37
Suppose -12096 = 30*b - 13686. What is the highest common divisor of b and 2915?
53
Let l = -20110 - -20386. Suppose 4*c + 0*v = -4*v + 28, v - 31 = -3*c. What is the greatest common divisor of l and c?
12
Let g(c) = 4*c**2 - 1816*c + 9115. Let s be g(5). Calculate the greatest common divisor of 10215 and s.
45
Suppose -55*h = -58*h + 12. Suppose -12*u = h*u - 400. Calculate the highest common divisor of 475 and u.
25
Suppose -3 - 17 = -5*c - 5*z, -5*z + 14 = 2*c. Suppose -3 + 75 = c*b. Let x = b + -19. Calculate the greatest common divisor of 68 and x.
17
Let z = -20 + 2128. What is the highest common factor of z and 204?
68
Let c = 449 + -451. Let n be 7*(7/c - -2)*-6. Calculate the highest common factor of 28 and n.
7
Let d = -139 + 142. Suppose 607 = 4*x + i, 5*x - d*i + i = 775. Let m(l) = -l**2 - 15*l + 9. Let h be m(-15). What is the highest common factor of h and x?
9
Let h be (1 + 1 - -6) + 6. Suppose -4*o + 5*d = 4*d - 2405, 5*d - 15 = 0. Calculate the greatest common divisor of o and h.
14
Suppose -4*n = 2*o - 66, -n - 3*o + 21 = 2*o. Suppose -18*p - 137 = 4*p - 313. What is the greatest common divisor of p and n?
8
Let h(a) = -4*a - 500. Let t be h(-132). What is the greatest common factor of 4186 and t?
14
Let d be 1 + -2 + 3 + 88. Suppose j - d = -9*j. Let l(n) = n**2 + 25*n - 51. Let a be l(-27). What is the highest common divisor of a and j?
3
Suppose -4*k - 4630 = 2*b - 4*b, -b + 2291 = -5*k. What is the highest common divisor of 231 and b?
21
Let t be 21/((-13)/208*-4). What is the greatest common factor of 1029 and t?
21
Let u be (8/6)/((-26)/(-897)). Let w be (4/(-2))/(-1) + 57. Let c = w - u. Calculate the highest common divisor of c and 1.
1
Let u(t) = 39*t**2 - 4*t - 3. Suppose 15*n + 14 = 13*n. Let w = n + 6. Let v be u(w). What is the highest common divisor of v and 10?
10
Let u be (-5 - -4)/(1 - 12/9). Suppose -2*j = u*j - 2575. Suppose 3*k + 0*z = -4*z + 307, 5*z - j = -5*k. Calculate the highest common factor of k and 42.
21
Suppose 5*z + 5*i = 4115, -5*z = -3*i - i - 4133. Suppose -38*s = -13*s - z. Let o = 228 - -69. What is the greatest common factor of s and o?
33
Let f(c) = -c**3 + 104*c**2 + 725*c - 14. Let t be f(-7). Calculate the greatest common factor of t and 28.
14
Let y be (0 - 40/(-6))/((-11989)/(-570) + -21). What is the greatest common factor of 150 and y?
50
Let i(x) be the second derivative of x**3/2 + 3*x**2/2 + 11*x. Let s be i(6). Suppose s*q - 26*q = -40. What is the highest common divisor of q and 88?
8
Let u be 1/(-2)*-16*(21 - 13). Suppose -4*a + 5*c = -0*a - 50, -4*a = -3*c - 46. Suppose -a*s = -6*s - 32. What is the greatest common factor of u and s?
8
Let g = 1154 - 552. Suppose k - 90*d = -94*d + 62, -12 = -d. What is the greatest common factor of k and g?
14
Let x = 81 - 57. Suppose 8*q = 18*q. Suppose q = -j + 3*j - 8. Calculate the greatest common factor of j and x.
4
Let k be (-12)/(-21) + 4465/(-35). Let j = -100 - k. What is the greatest common factor of 54 and j?
27
Suppose -17 = -2*f - 5*x, 4*x - 24 = -44. What is the greatest common factor of 525 and f?
21
Let f = 29 - 24. Let w(b) = 2*b**2 + 31*b + 110. Let z be w(-3). Calculate the highest common factor of z and f.
5
Let s be ((-553)/28)/(2 + 369/(-180)). Calculate the highest common divisor of 553 and s.
79
Let z = -8837 - -9008. Calculate the greatest common factor of z and 95.
19
Suppose -20*p + 61*p - 104832 = -23*p. What is the highest common divisor of 126 and p?
126
Let x be 1*(-6)/12*22. Suppose 7*b + 46 + 94 = 0. Let n = x - b. What is the greatest common factor of n and 117?
9
Suppose 7*i = 293 + 274. Let x = i - 27. What is the greatest common factor of x and 54?
54
Let p be -4*5/(-80)*(-72)/(-3). Suppose p = -t + k + 52, 5*t + 3*k - 190 = 0. What is the highest common factor of 1107 and t?
41
Suppose -6*n + 13*n = -378. Let j = n + 54. Suppose 6*w - 240 = -j*w. Calculate the greatest common divisor of 4 and w.
4
Let h(g) = 2*g + 11. Let o be h(3). Let s = o + -94. Let a = s - -95. Calculate the highest common factor of a and 2.
2
Let f be (9 - 1)/((-8)/(-40)). Let b = 25 + -22. Let l(o) = 5*o**2 - o - 2. Let i be l(b). What is the highest common factor of f and i?
40
Suppose -450 = 3*x - 366. Let m